12*u - 1. Let j(i) = -8*a(i) - f(i). Determine j(-8).
-6
Let f(r) = -11*r - 49. Let t(p) = -119*p - 490. Let v(k) = -21*f(k) + 2*t(k). Calculate v(6).
7
Let t(m) be the third derivative of m**4/2 - 14*m**3 + 369*m**2. Determine t(7).
0
Let g be 46/(-8) + 28/(-112). Let p(r) = 2*r + 1. Let y(q) = 6*q + 5. Suppose 5*t - 9 = -4. Let f(b) = g*p(b) + t*y(b). Give f(1).
-7
Let s(n) = -n**2 + n - 1. Let b(j) = j**2 - 13*j + 17. Let d(r) = -b(r) - 2*s(r). Let k(u) = -146*u + 17798. Let h be k(122). Give d(h).
27
Let r(v) be the first derivative of v**4/4 - 20*v**3/3 - 19*v**2/2 - 36*v + 2246. Calculate r(21).
6
Let l(p) = -p**2 - 12*p + 48. Let w be l(-15). Let h(c) = -c + c**3 + 1 - 9*c**w + 45*c**2 - 88*c**2 + 44*c**2. Determine h(1).
-7
Let g(a) be the second derivative of -a**6/720 + a**5/15 - 11*a**4/3 - a**3/3 + a + 8. Let i(r) be the third derivative of g(r). What is i(8)?
0
Let y(q) = -4*q**3 + 2*q - 2. Let a = -1249 + 576. Let c = a - -674. What is y(c)?
-4
Let r(n) = -8*n + 4. Let l(b) = -39*b + 21. Let m(x) = -2*l(x) + 11*r(x). Let j = 46724 + -46722. Determine m(j).
-18
Let h(t) = 221 + t**2 - 61 - 168. Suppose -5*r + 15 = 4*z, -5*r + r = -z - 12. What is h(z)?
-8
Let x be 4 - (8/4 - 6). Let j(w) be the third derivative of w**5/60 - 5*w**4/24 - 11*w**3/6 + 26*w**2. Calculate j(x).
13
Let z(g) = -71*g**2 + g - 13. Let y(v) = 19*v**2 + 4. Let l(a) = 7*y(a) + 2*z(a). Give l(-3).
-85
Let x(l) = 2*l + 13. Suppose 5*w + 25 = 6*w + 4*h, 3*h - 15 = 0. Suppose -k = 3*j - 1 - 5, -w*j = -5*k - 70. Calculate x(k).
-5
Let b(q) be the first derivative of -q**5/60 - 7*q**4/24 - q**3 - 109*q**2/2 - 127. Let u(r) be the second derivative of b(r). What is u(-8)?
-14
Let m = -86 + 83. Let f be 17/m - 0 - (-2)/3. Let u(p) = p**2 + 5*p + 7. Determine u(f).
7
Suppose -5*x + 0*x = 2*o - 286, 0 = -4*o + 12. Let k(l) = -116*l + 58*l + x*l - 13. Give k(-6).
-1
Suppose 3*q + 24 = 5*x, -6*q + 5*q + 26 = 4*x. Let n(d) = -5*d + 5 + d**2 - x*d**2 - 5*d + 6*d**2. Let h be n(9). Let g(j) = -j**2 - 2*j - 1. What is g(h)?
-9
Let l(h) be the third derivative of h**4/24 + 2*h**3/3 - h**2. Suppose -1197*i = -3010 - 2975. What is l(i)?
9
Let s(g) be the first derivative of g**2/2 - 6*g + 26. Let b(d) = 8*d + 71. Let j be b(-23). Let l = j - -122. Determine s(l).
3
Suppose 2*q = -3*p + 19, 8*p - 4*p = -3*q + 28. Let d(l) = q - l - 37 + 13 + 14. Give d(-4).
2
Let c = -167 + 173. Let m(l) = -15*l + 95. Give m(c).
5
Let s = 267 + -224. Let t(g) = g - 49 - s + 95. Determine t(-11).
-8
Let t be ((-3 - 3) + 14)*-1. Let g be (t + (-20)/(-4))*4 - -4. Let f(c) = -c**2 - 5*c + 23. Calculate f(g).
-1
Let y(i) = -51*i + 514. Let k be y(10). Let x(p) = -3*p**2 + 2*p + 3. What is x(k)?
-37
Let y be 10/(-8) + (-12)/16. Let u be 6*(12/(-8))/(-3). Let z(v) = -2*v - 6 + 11351*v**2 + u - 11350*v**2. Give z(y).
5
Let l be -1 - (10 + 0)/(-2). Let q(d) = -26 - 28 + 5*d**2 - 27 + d**2 - 22 - d**3 + 99 - 2*d. What is q(l)?
20
Let g be (-10)/(-15)*45/6. Suppose 2*z - o - 39 = 0, 4*z + g*o = 33 + 52. Let b(d) = 15 + 12*d + z - 35. Determine b(1).
12
Suppose 3*j + 209 = -3*y + 215, -5*y = 4*j - 14. Let b(t) = t**2 + 21*t - 7. Let x(v) = 11*v - 4. Let n(s) = -2*b(s) + 5*x(s). What is n(y)?
0
Suppose 0 = d + 3*c - 4, 5*d = -3*c + 1 + 19. Suppose 4*i = -d*u + 60, i - 6 + 3 = 0. Let n(p) = 12 - u + 5*p - 2*p. Determine n(-7).
-21
Let t(h) = -h**2 + 4*h - 6. Suppose 8*g - 29 + 13 = 0. Suppose -5*l - 31 = -0*y - 4*y, -5*y - g*l = -14. Calculate t(y).
-6
Suppose 6*k - 3*k - 5*n + 3 = 0, -2*n + 14 = 2*k. Let h = -10 + k. Let x(r) = -4184*r + 4178*r + 2*r**2 + 0*r**2 + 5 - 3*r**2. What is x(h)?
5
Suppose -10*s + 3*j - 44 = -9*s, 0 = -s + 2*j - 40. Let z be (-72)/s + (-2 - (-28)/16). Let w(p) = -p + 3*p - p**3 + p**2 - 3 + 4. Calculate w(z).
1
Let v = 281 + -209. Let w = -66 + v. Let u(c) = -c**3 + 7*c**2 - 7*c + 9. What is u(w)?
3
Let q(z) be the third derivative of z**6/40 + z**5/15 + z**4/12 - z**3/2 + 2*z**2 + 1479*z. What is q(-3)?
-54
Let z = 13058 + -13065. Let o(r) = 11*r + 26. Calculate o(z).
-51
Let d(a) = 13*a - 93. Let h(q) = 8*q - 95. Let o(v) = 3*d(v) - 4*h(v). Determine o(-15).
-4
Let t(a) be the second derivative of -a**8/6720 + a**7/360 - 3*a**5/40 - 17*a**4/4 - 8*a + 4. Let c(i) be the third derivative of t(i). Calculate c(7).
-9
Let m(q) = -10*q**2 + 4*q - 4. Let r be 3*9*(-26)/(-351). Give m(r).
-36
Let z(p) = -133 - 207 - p + 329. Calculate z(-12).
1
Let u = 221 + -216. Let b(v) = u*v - 7 + 2*v - 8*v. Give b(-6).
-1
Let y(u) = 2*u**2 + 17*u - 313. Let b be y(9). Let s(m) = 2*m**2 + 2 + 0*m - m**3 - m - 3*m + 2*m**3. Determine s(b).
10
Suppose 5*p + 18 - 23 = 0. Let v(f) = -6*f**3 - 14*f + 13*f**2 + 19 - p + 5*f**3. Let b = 794 + -782. What is v(b)?
-6
Let k(r) = 3*r**3 - 11*r**2 - 54*r + 55. Let b be k(6). Let a(x) = -x - 33. What is a(b)?
-16
Let d(r) = -r**2 + 12*r + 20. Let o(g) = -g**3 - 18*g**2 + 17*g - 25. Let z be o(-19). Let h be d(z). Let n(i) = -10 - 2*i - 3*i + h + 6*i. What is n(0)?
-3
Suppose -2*m + 34 = 2*v, -6*v = -0*v + 5*m - 102. Let w(g) = -g**2 + 18*g + 27. Calculate w(v).
44
Let y(c) = -2*c**2 + 4*c - 4. Let b(r) = -23*r - 847. Let f be b(-37). Give y(f).
-20
Let c = -120 - -123. Suppose -5*m = 0, -u + c = -m - 3*m. Let b be -3 - (-1 - u/(-3)). Let n(s) = s**3 + 3*s**2 - 1. Calculate n(b).
-1
Let t(u) be the third derivative of -u**5/60 - 11*u**4/6 - 44*u**3 - 25*u**2 - 2*u + 5. Determine t(-37).
-5
Let p(v) = -1 + 17*v - 8*v - 10*v - 2*v**2 - 1. Let g(b) = 40*b - 42*b + 32 - 34 - 2*b**2. Let c(m) = 3*g(m) - 2*p(m). Give c(-4).
-18
Suppose 10 = 5*s, -2*v - 2*s = 3*v + 2091. Let o = 422 + v. Let c(h) = -15*h + 4. What is c(o)?
-41
Suppose 0 = 5*r - 3*t + 3 - 26, -4*t = r + 23. Let q(f) = -68*f**3 - 2*f**2 + f. Give q(r).
-69
Let q(n) = -24*n + 186. Suppose -3*k = -9, -462*i + 34 = -457*i - 2*k. Give q(i).
-6
Let g = -6 + 11. Suppose -5*v + 174 = -3*q, 0*q + g*q = v - 48. Let m(s) = 28 - 65 + s + v. Give m(6).
2
Suppose -9*z + 12*z + u = -17, 3*u - 12 = 0. Let a(m) = m**2 + 4*m - 8. Calculate a(z).
13
Let z = -234 - -245. Let a(r) = -r + 8 - 7 - z - 1. What is a(-7)?
-4
Suppose s + 6*f - 6 = 9*f, -2*f - 4 = 0. Let u(x) = -2*x + 13. Determine u(s).
13
Let o(x) be the third derivative of x**5/30 - 37*x**4/24 + 5*x**3/2 + 17*x**2 + 14*x. Give o(18).
-3
Let t(v) = 10*v**2 + 286 - 187 - 107 - 8*v + 2*v**3. Calculate t(-5).
32
Let w(x) = 50*x + 13*x + 12 - 66*x + 3*x**2 - 4*x**2. Let p be w(-6). Let q(r) = -r**3 - 5*r**2 + 5*r - 6. What is q(p)?
0
Let b(h) = 14*h - 14. Let z(n) = 8*n - 5. Let q(t) = 3*b(t) - 5*z(t). Let p be q(2). Let m(o) = o**3 + 13*o**2 - 2. What is m(p)?
-2
Suppose 4*o - 2*w = 146, o + 20*w - 49 = 18*w. Suppose -4 - 35 = o*f. Let b(g) = 6*g + 2. What is b(f)?
-4
Let o be (-27)/5*(-2 + -28). Let y(d) = 144*d + 4 - 320*d + o*d + d**2. Calculate y(14).
4
Let r(d) = 3 - 182*d - 163*d + 342*d. Let y = -31 + 28. What is r(y)?
12
Let l(u) = -u**3 - 11*u**2 - 8*u - 24. Suppose 2061*i + 360 = 2025*i. Give l(i).
-44
Let m(h) = 15*h - 7. Let k(u) = -7*u + 4. Let d(g) = -5*k(g) - 3*m(g). Let b = 302 - -30. Let s = -334 + b. Determine d(s).
21
Let j be -40 + 25 - -5 - 3*-1. Let p(n) = n**3 + 7*n**2 + 4*n + 24. Determine p(j).
-4
Let v be 27/(-12)*(-520)/6. Let f(k) = v - 2*k - 8*k**2 - 401 - k**3 + 195. Let w = -29 - -21. Calculate f(w).
5
Let c(p) = -16 + 43 - 19 - 5*p**3 + p**2 + 68*p - 66*p - 11. Give c(2).
-35
Let d(k) be the second derivative of k**3/6 - k**2/2 + 2*k - 65985. Suppose -11 - 24 = 5*i. Calculate d(i).
-8
Let y(l) = -25*l + 27. Let d(u) = -u**3 - 22*u**2 + 25*u + 47. Let c be d(-23). Calculate y(c).
2
Let r(b) be the first derivative of -b**4/4 + 4*b**3/3 + 2*b - 254. Let u = -26 - -29. Give r(u).
11
Suppose -33 = -507*r + 504*r. Let m(u) = 25*u**3 + 5*u**2 - 6*u - 49. Let c(i) = -5*i**3 - i**2 + i + 9. Let b(p) = r*c(p) + 2*m(p). Calculate b(1).
-6
Let g(n) be the first derivative of -n**2 - 4*n - 3973. Suppose -4*d + 3*m + 1 = 0, -5*d - 4*m = -9*m. Let b be d/(30/(-9) - -3). Give g(b).
2
Let d(t) = t**3 + 9*t**2 + 8*t + 7. Let j = -24500 + 24496. What is d(j)?
55
Let g(y) = 15*y + 16 - 59*y + 12*y + 36*y. Give g(-12).
-32
Let p be 2 - 0/(-1*(1 + 0)). Let o(a) = 18730*a**3 + 2*a**p - a - 18731*a**3 - 2*a**2 + 2. Give o(2).
-8
Let w(y) = 6*y - 1. Let a